ainder when (n + -4)*(-47)/2 is divided by 16?
15
Let s(u) = u**3 + 2*u**2 - 3*u + 1. Let l = -5 - -2. Let f be s(l). Suppose -5*y + 10 = 4*n - f, 2*y - 10 = 4*n. What is the remainder when 5 is divided by y?
2
Suppose -2 = 4*h + 2*c - 24, -5*h - 5*c + 25 = 0. Calculate the remainder when 10 is divided by h.
4
Let b(r) = 4*r**3 - 2*r + 1. Let x be b(1). Suppose 4*j - x*m + 388 = -222, -j - 143 = 4*m. Let i = -105 - j. Calculate the remainder when i is divided by 16.
14
Let r = 20 - 11. Calculate the remainder when -5*(r/(-1) - 1) is divided by (-1)/1*-15 + 2.
16
Let s = -24 - -82. What is the remainder when 169 is divided by s?
53
Suppose 9*k - 7*k - 58 = 0. Calculate the remainder when k is divided by 11.
7
Let g(v) = -v**3 - 9*v**2 - 7*v + 6. Let z be g(-6). Let n be (z/(-16))/(6/16). Suppose 6 = 2*x - n. What is the remainder when 23 is divided by x?
7
Let k(b) = 3*b - 2. Let q = -26 + 39. What is the remainder when q is divided by k(2)?
1
Suppose 4*t = 5*a - 305, -25 = 3*t + 2*t. Calculate the remainder when a is divided by (-99)/22*((-13)/3 + 1).
12
Suppose 0*q + 30 = 2*q. Let p = 0 + 2. Suppose p*f = 97 - 11. Calculate the remainder when f is divided by q.
13
Let y be 4/(-14) + (-46)/(-14). Suppose 0 = -y*o + 30 + 129. What is the remainder when o is divided by 28?
25
Let u(i) = -i**3 - 17*i**2 - 18*i + 21. What is the remainder when u(-16) is divided by 14?
11
Suppose m - g = 2*g + 9, 2*m = 5*g + 21. Let f = -17 - -24. Calculate the remainder when m is divided by f.
4
Let g = 62 - 53. Suppose -2*v + 51 = v. Calculate the remainder when v is divided by g.
8
Let k = -4 + 63. Calculate the remainder when k is divided by 15.
14
What is the remainder when 29 is divided by -1 - (-1 + -4) - -6?
9
Suppose 4*d - 72 - 56 = 0. Calculate the remainder when d is divided by 17.
15
Suppose -3*r - 44 = -4*r. Suppose -3*k = -r - 13. Calculate the remainder when 37 is divided by k.
18
Let d = 22 - 17. Calculate the remainder when 14 is divided by d.
4
Suppose 4*w + 3*d = 15 + 15, -3*w - 3*d + 24 = 0. Let b be (-16)/6 - (-4)/w. What is the remainder when 6 is divided by 4 - 5 - 10/b?
2
Let y be (-1)/(-4) - (-41)/(-4). Let k = -5 - y. Suppose k*m - z = 94, -5 = -5*z - 0*z. What is the remainder when 37 is divided by m?
18
Let f be 4/(1*-2 + 3). Suppose 0 = -f*k + 3*k - 8. What is the remainder when 22 is divided by 15/3*k/(-5)?
6
Let x be 45/25*20/6. Calculate the remainder when 15 is divided by (-7 + x)/(2/(-16)).
7
Let p(j) be the third derivative of -j**5/30 - 3*j**4/4 - 5*j**3/6 + 5*j**2. What is the remainder when p(-8) is divided by 7?
4
What is the remainder when 165 is divided by (-1)/(2*2/(-112))?
25
Suppose 239 = 5*k + 4*d, 0*k + 5*k - 4*d - 231 = 0. What is the remainder when k is divided by 16?
15
Let g = 7 - 3. Let v = g - 0. Suppose -h = -2*k + 3, 4*h = v*k - 9*k + 27. Calculate the remainder when 4 is divided by h.
1
Let b = -53 + 60. Calculate the remainder when 11 is divided by b.
4
Suppose -2*u = -3*z + 2*u + 27, 4*z + 3*u - 11 = 0. Let r(m) = -m**2 + 6*m + 1. Calculate the remainder when 17 is divided by r(z).
5
Let y(p) = 2*p - 3. Let a be y(6). Suppose 0 = r - a - 3. What is the remainder when 19 is divided by r + 2*(0 - 1)?
9
Suppose -3*l = -90 - 33. Let b = 47 + -13. Let g = b + -20. Calculate the remainder when l is divided by g.
13
Let f = 126 - 56. Suppose -f - 20 = -5*j. What is the remainder when 71 is divided by j?
17
Let q be (-3 + -1)/4 + 56. Let r = -33 + q. Calculate the remainder when 41 is divided by r.
19
Let u(x) = x**3 + 3*x**2 - 3*x - 4. Calculate the remainder when 18 is divided by u(-3).
3
Let b = -113 - -116. What is the remainder when 18 is divided by b?
0
Let q(d) = d**3 - 17*d**2 + 18*d - 16. What is the remainder when q(16) is divided by 11?
5
Let i(b) = b**3 - 7*b**2 + 9*b - 8. Let w = -35 + 68. Suppose -w + 3 = -5*x. What is the remainder when i(x) is divided by 6?
4
Let x(p) = -3*p. Let q be x(-8). Suppose -4*w = 2*h + w + 14, -3*h + 4*w + 25 = 0. Suppose -30 = -h*u + q. Calculate the remainder when u is divided by 10.
8
Let v be -5 - (-4 - -2) - 2. Let k(y) = -y**2 - 8*y - 7. Calculate the remainder when 13 is divided by k(v).
5
Suppose 5 - 8 = -h. Suppose -h*j - l + 35 = -j, 0 = -j - l + 18. Calculate the remainder when 65 is divided by j.
14
Let n(p) = -2*p - 12. Let r = 22 - 32. Calculate the remainder when 30 is divided by n(r).
6
Let d = -44 - -28. Let c(v) = v**3 + 17*v**2 + 15*v - 7. Calculate the remainder when c(d) is divided by 6.
3
Suppose -x + 0 = -8. What is the remainder when 47 is divided by x?
7
Let w = -71 + 79. What is the remainder when w is divided by 2?
0
Let t = 19 - 9. Calculate the remainder when 39 is divided by t.
9
Let g(i) = -i. Let s be g(5). Let l be -185*s/(50/4). Suppose -50 = -p - 4*d, 0 = -p - 0*p + 4*d + l. What is the remainder when p is divided by 16?
14
Let a = 32 - -37. What is the remainder when a is divided by (16/(-5))/(6/(-45))?
21
Let t be 6*-1*5/(-2). Let s be 54/10 + (-6)/t. Suppose -s*w - 3*z + 62 = 0, 3 = 2*w + 2*z - 25. What is the remainder when w is divided by 6?
4
Let t(f) = 7*f**3 - 2*f**2 - 2*f + 2. What is the remainder when t(2) is divided by 16?
14
Let x(f) = f**3 + 11*f**2 + 7*f - 21. Let z(i) = 4 - 6*i**3 - 1 + 2*i - 2. Calculate the remainder when x(-10) is divided by z(-1).
4
Let l be (-20)/6*(-3 - 0). Suppose -c + 18 = -l. What is the remainder when c is divided by 10?
8
Let y(v) = -v**3 - 11*v**2 - 12*v - 9. Let n be y(-8). Let s = -51 - n. Calculate the remainder when s is divided by 14.
12
Suppose 5*w + 0*z - 375 = 4*z, -4*w - 4*z + 300 = 0. What is the remainder when w is divided by 20?
15
Suppose 2*h + 5*a - 25 = 0, 5*a = -5*h + 40 - 15. Suppose 0 = -x - 2*x + 105. Calculate the remainder when x is divided by (-1 - (0 + h)) + 13.
11
Let y(l) = -42*l + 4. Let i(q) = -43*q + 5. Let f(r) = 3*i(r) - 4*y(r). What is the remainder when f(1) is divided by 20?
18
Let l = 11 + -4. Suppose l*b = 2*b + 55. Let j = 13 + -9. What is the remainder when b is divided by j?
3
Let c(z) = -z - 4. Let f be c(-4). Suppose -12 = -2*b + 3*u, f*b - b + 5*u - 1 = 0. Calculate the remainder when 25 is divided by b.
7
Let r be 10 - (0 + (-2)/2). Let g = -21 + r. What is the remainder when 23 is divided by (g/4 + 3)*12?
5
Let a = 11 + 12. Suppose -w = -4*u + 27, -3*u + 3*w + 13 + 14 = 0. What is the remainder when a is divided by u?
5
Let a = -31 - -51. Suppose 0 = 3*n + n + 2*z - 18, -5*n = z - 21. Suppose 5*d = 2*d + 2*p + 25, n*p + 39 = 5*d. Calculate the remainder when a is divided by d.
9
Let y(c) = -c**2 + 9*c + 13. Let m be y(10). Suppose 3*k - 20 = 2*k + m*i, -5*k + 4*i + 56 = 0. Calculate the remainder when 13 is divided by k.
5
Suppose 0 = 8*f - 217 - 223. Calculate the remainder when f is divided by 19.
17
Let x(h) = -18*h - 31. What is the remainder when x(-6) is divided by 40?
37
Let j(x) = -x**2 + 10*x - 2. Let d = 16 + -10. What is the remainder when 63 is divided by j(d)?
19
Let w be (-2 + (0 - 7))/1. What is the remainder when (-230)/(-3) + (-3)/w is divided by 20?
17
Suppose 2*g - 3 = 1. Suppose 0 = 5*n + 3*w - 35, 1 = -5*n + 5*w - 4. Let q = n + -1. Calculate the remainder when q is divided by g.
1
Let b(c) = c**2 + 4*c - 5. Suppose 2*y + 13 = -w, 12 = 3*w + w. Let l = y + 38. What is the remainder when l is divided by b(-7)?
14
Let t = 24 + -14. Let i be ((-3)/(-6))/(1/4). Calculate the remainder when 17 - (8/(-2) + i) is divided by t.
9
Suppose 0*q - 4*v = -4*q + 32, -3*v = -q + 12. Suppose -q*a = -a - 5. Let g = a + 0. What is the remainder when g is divided by 1?
0
What is the remainder when 127 is divided by 277/9 + 2 + 44/198?
28
Let s = 0 + 4. Suppose -s*m + p = -4*p - 207, -83 = -m - 5*p. Calculate the remainder when m is divided by 20.
18
Calculate the remainder when 1073/9 - 2/9 is divided by 30.
29
Suppose -4*h = -2*h - 8. Suppose -8*l + h*l = -144. What is the remainder when l is divided by 13?
10
Suppose -3*d = i + 5, 1 = -i + 2*d + 6. Let k = 7 - i. Suppose 0 = 4*p - k - 6. Calculate the remainder when 7 is divided by p.
1
Suppose -3*y - 5*t + 24 + 53 = 0, -25 = 5*t. Let f = -31 + 19. Let c = f + 24. Calculate the remainder when y is divided by c.
10
Let k = -44 - -81. Let y = 19 + -6. What is the remainder when k is divided by y?
